{"id":228,"date":"2023-10-10T14:25:38","date_gmt":"2023-10-10T12:25:38","guid":{"rendered":"https:\/\/clubbonaccueilanetz.fr\/?page_id=228"},"modified":"2024-07-10T17:05:46","modified_gmt":"2024-07-10T15:05:46","slug":"au-fil-des-annees","status":"publish","type":"page","link":"https:\/\/clubbonaccueilanetz.fr\/index.php\/au-fil-des-annees\/","title":{"rendered":"Au fil des ann\u00e9es&#8230;"},"content":{"rendered":"\n<ul class=\"wp-block-list\">\n<li style=\"font-size:24px\"><a href=\"https:\/\/clubbonaccueilanetz.fr\/index.php\/la-danse-au-fil-des-annees\/\" data-type=\"page\" data-id=\"404\">La \u00ab&nbsp;Danse&nbsp;\u00bb au fil des ann\u00e9es\u2026<\/a><\/li>\n\n\n\n<li style=\"font-size:24px\"><a href=\"https:\/\/clubbonaccueilanetz.fr\/index.php\/au-fil-des-annees\/les-cours-dinformatique-au-fil-des-annees\/\" data-type=\"page\" data-id=\"633\">L&rsquo;\u00ab informatique \u00bb au fil des ann\u00e9es&#8230;<\/a><\/li>\n\n\n\n<li style=\"font-size:24px\"><a href=\"https:\/\/clubbonaccueilanetz.fr\/index.php\/au-fil-des-annees\/les-marches-interclubs-au-fil-des-annees\/\" data-type=\"page\" data-id=\"543\">Les \u00ab&nbsp;Marches interclubs&nbsp;\u00bb au fil des ann\u00e9es\u2026<\/a><\/li>\n\n\n\n<li style=\"font-size:24px\"><a href=\"https:\/\/clubbonaccueilanetz.fr\/index.php\/les-repas-de-noel-au-fil-des-annees\/\" data-type=\"page\" data-id=\"428\">Les repas de No\u00ebl au fil des ann\u00e9es\u2026<\/a><\/li>\n\n\n\n<li style=\"font-size:24px\"><a href=\"https:\/\/clubbonaccueilanetz.fr\/index.php\/au-fil-des-annees\/les-randos-au-fil-des-annees\/\" data-type=\"page\" data-id=\"473\">Les \u00ab&nbsp;Randos \u00bb au fil des ann\u00e9es\u2026<\/a><\/li>\n\n\n\n<li style=\"font-size:24px\"><a href=\"https:\/\/clubbonaccueilanetz.fr\/index.php\/au-fil-des-annees\/spectacle-mauricette\/\" data-type=\"page\" data-id=\"320\" target=\"_blank\" rel=\"noreferrer noopener\">Les spectacles au fil des ann\u00e9es\u2026<\/a><\/li>\n\n\n\n<li style=\"font-size:24px\"><a href=\"https:\/\/clubbonaccueilanetz.fr\/index.php\/voyages\/\" data-type=\"page\" data-id=\"63\">Les voyages au fil des ann\u00e9es&#8230;<\/a><\/li>\n\n\n\n<li style=\"font-size:24px\"><a href=\"https:\/\/clubbonaccueilanetz.fr\/index.php\/au-fil-des-annees\/les-evenements-du-groupe-jeux-de-societe\/\" data-type=\"page\" data-id=\"985\">Les \u00ab\u00a0Jeux de soci\u00e8t\u00e9\u00a0\u00bb au fil des ann\u00e9es&#8230;<\/a><\/li>\n<\/ul>\n\n\n<p style=\"text-align: center;\"><strong>Pour enrichir cette rubrique, adressez photos et r\u00e9cits des bons moments pass\u00e9s au sein du club \u00e0<\/strong> <a href=\"contact@clubbonaccueilanetz.fr\" target=\"_blank\" rel=\"noopener\">contact@clubbonaccueilanetz.fr<\/a><\/p>","protected":false},"excerpt":{"rendered":"<p>Pour enrichir cette rubrique, adressez photos et r\u00e9cits des bons moments pass\u00e9s au sein du club \u00e0 contact@clubbonaccueilanetz.fr<\/p>\n","protected":false},"author":1,"featured_media":0,"parent":0,"menu_order":0,"comment_status":"closed","ping_status":"closed","template":"","meta":{"footnotes":""},"class_list":["post-228","page","type-page","status-publish","hentry"],"_links":{"self":[{"href":"https:\/\/clubbonaccueilanetz.fr\/index.php\/wp-json\/wp\/v2\/pages\/228","targetHints":{"allow":["GET"]}}],"collection":[{"href":"https:\/\/clubbonaccueilanetz.fr\/index.php\/wp-json\/wp\/v2\/pages"}],"about":[{"href":"https:\/\/clubbonaccueilanetz.fr\/index.php\/wp-json\/wp\/v2\/types\/page"}],"author":[{"embeddable":true,"href":"https:\/\/clubbonaccueilanetz.fr\/index.php\/wp-json\/wp\/v2\/users\/1"}],"replies":[{"embeddable":true,"href":"https:\/\/clubbonaccueilanetz.fr\/index.php\/wp-json\/wp\/v2\/comments?post=228"}],"version-history":[{"count":18,"href":"https:\/\/clubbonaccueilanetz.fr\/index.php\/wp-json\/wp\/v2\/pages\/228\/revisions"}],"predecessor-version":[{"id":994,"href":"https:\/\/clubbonaccueilanetz.fr\/index.php\/wp-json\/wp\/v2\/pages\/228\/revisions\/994"}],"wp:attachment":[{"href":"https:\/\/clubbonaccueilanetz.fr\/index.php\/wp-json\/wp\/v2\/media?parent=228"}],"curies":[{"name":"wp","href":"https:\/\/api.w.org\/{rel}","templated":true}]}}