{"id":404,"date":"2023-10-20T14:20:31","date_gmt":"2023-10-20T12:20:31","guid":{"rendered":"https:\/\/clubbonaccueilanetz.fr\/?page_id=404"},"modified":"2025-04-02T11:38:51","modified_gmt":"2025-04-02T09:38:51","slug":"la-danse-au-fil-des-annees","status":"publish","type":"page","link":"https:\/\/clubbonaccueilanetz.fr\/index.php\/au-fil-des-annees\/la-danse-au-fil-des-annees\/","title":{"rendered":"La \u00ab\u00a0Danse\u00a0\u00bb au fil des ann\u00e9es&#8230;"},"content":{"rendered":"\n<hr class=\"wp-block-separator has-alpha-channel-opacity\"\/>\n\n\n\n<div class=\"wp-block-media-text has-media-on-the-right is-stacked-on-mobile\"><div class=\"wp-block-media-text__content\">\n<h2 class=\"wp-block-heading has-text-align-right\">Cette ann\u00e9e 2025, le Carnaval \u00e9tait le 27 mars.<\/h2>\n\n\n\n<p>Sans th\u00e8me sp\u00e9cifique, danseuses et danseurs s&rsquo;\u00e9taient costum\u00e9s. Certaines de fa\u00e7on originale.<\/p>\n\n\n\n<p>Les \u00e9l\u00e8ves de Notre-Dame, apr\u00e8s avoir dans\u00e9 sous la direction de Lily, ont ex\u00e9cut\u00e9 leur \u00ab\u00a0Flash mob\u00a0\u00bb sur la musique \u00ab\u00a0Au plaisir des fleurs\u00a0\u00bb.<\/p>\n\n\n\n<p><a href=\"https:\/\/youtu.be\/36ByntONclY\">Jetez un coup d&rsquo;oeil en cliquant ici !<\/a><\/p>\n<\/div><figure class=\"wp-block-media-text__media\"><img loading=\"lazy\" decoding=\"async\" width=\"1024\" height=\"768\" src=\"https:\/\/clubbonaccueilanetz.fr\/wp-content\/uploads\/2025\/03\/250327-BA-CarnavalEcole-205-1024x768.jpg\" alt=\"\" class=\"wp-image-1278 size-full\" srcset=\"https:\/\/clubbonaccueilanetz.fr\/wp-content\/uploads\/2025\/03\/250327-BA-CarnavalEcole-205-1024x768.jpg 1024w, https:\/\/clubbonaccueilanetz.fr\/wp-content\/uploads\/2025\/03\/250327-BA-CarnavalEcole-205-300x225.jpg 300w, https:\/\/clubbonaccueilanetz.fr\/wp-content\/uploads\/2025\/03\/250327-BA-CarnavalEcole-205-768x576.jpg 768w, https:\/\/clubbonaccueilanetz.fr\/wp-content\/uploads\/2025\/03\/250327-BA-CarnavalEcole-205-1536x1152.jpg 1536w, https:\/\/clubbonaccueilanetz.fr\/wp-content\/uploads\/2025\/03\/250327-BA-CarnavalEcole-205-2048x1536.jpg 2048w\" sizes=\"auto, (max-width: 1024px) 100vw, 1024px\" \/><\/figure><\/div>\n\n\n\n<hr class=\"wp-block-separator has-alpha-channel-opacity\"\/>\n\n\n\n<h2 class=\"wp-block-heading has-text-align-center\">2024, le jeudi 15 f\u00e9vrier c&rsquo;\u00e9tait le Carnaval de la Danse<\/h2>\n\n\n\n<div class=\"wp-block-media-text is-stacked-on-mobile\"><figure class=\"wp-block-media-text__media\"><img loading=\"lazy\" decoding=\"async\" width=\"1024\" height=\"576\" src=\"https:\/\/clubbonaccueilanetz.fr\/wp-content\/uploads\/2024\/02\/P1002388-1024x576.jpg\" alt=\"\" class=\"wp-image-906 size-full\" srcset=\"https:\/\/clubbonaccueilanetz.fr\/wp-content\/uploads\/2024\/02\/P1002388-1024x576.jpg 1024w, https:\/\/clubbonaccueilanetz.fr\/wp-content\/uploads\/2024\/02\/P1002388-300x169.jpg 300w, https:\/\/clubbonaccueilanetz.fr\/wp-content\/uploads\/2024\/02\/P1002388-768x432.jpg 768w, https:\/\/clubbonaccueilanetz.fr\/wp-content\/uploads\/2024\/02\/P1002388-1536x864.jpg 1536w, https:\/\/clubbonaccueilanetz.fr\/wp-content\/uploads\/2024\/02\/P1002388-2048x1152.jpg 2048w\" sizes=\"auto, (max-width: 1024px) 100vw, 1024px\" \/><\/figure><div class=\"wp-block-media-text__content\">\n<p class=\"has-text-align-center\">Ann\u00e9e olympique oblige, le th\u00e8me \u00e9tait \u00ab\u00a0Tenue de sport\u00a0\u00bb. Les grands, les petits \u00e9taient l\u00e0 et avaient la Flamme !<\/p>\n\n\n\n<p class=\"has-text-align-center\">Pour voir la vid\u00e9o <a href=\"https:\/\/youtu.be\/kX9afjFnP8Y\">cliquer ici.<\/a><\/p>\n<\/div><\/div>\n\n\n\n<hr class=\"wp-block-separator has-alpha-channel-opacity\"\/>\n\n\n\n<hr class=\"wp-block-separator has-alpha-channel-opacity\"\/>\n\n\n\n<h2 class=\"wp-block-heading has-text-align-center\">Carnaval 2023<\/h2>\n\n\n\n<p class=\"has-text-align-center\"><strong>L&rsquo;activit\u00e9 \u00ab\u00a0Danse en ligne\u00a0\u00bb a fait son Carnaval en \u00ab\u00a0Noir et Blanc\u00a0\u00bb, ce jeudi 16 mars 2023<\/strong>.<\/p>\n\n\n\n<p class=\"has-text-align-center\">Les enfants de l&rsquo;\u00e9cole Notre-Dame d&rsquo;Anetz y ont particip\u00e9.<\/p>\n\n\n\n<p class=\"has-text-align-center\"><strong>Pour voir la vid\u00e9o<\/strong>, cliquer&nbsp;<a href=\"https:\/\/youtu.be\/iVH9nuhTTXg\" target=\"_blank\" rel=\"noreferrer noopener\">ICI<\/a><\/p>\n\n\n\n<figure class=\"wp-block-image size-large\"><img loading=\"lazy\" decoding=\"async\" width=\"1024\" height=\"576\" src=\"https:\/\/clubbonaccueilanetz.fr\/wp-content\/uploads\/2023\/10\/Carnaval23b-1024x576.jpg\" alt=\"\" class=\"wp-image-458\" srcset=\"https:\/\/clubbonaccueilanetz.fr\/wp-content\/uploads\/2023\/10\/Carnaval23b-1024x576.jpg 1024w, https:\/\/clubbonaccueilanetz.fr\/wp-content\/uploads\/2023\/10\/Carnaval23b-300x169.jpg 300w, https:\/\/clubbonaccueilanetz.fr\/wp-content\/uploads\/2023\/10\/Carnaval23b-768x432.jpg 768w, https:\/\/clubbonaccueilanetz.fr\/wp-content\/uploads\/2023\/10\/Carnaval23b-1536x864.jpg 1536w, https:\/\/clubbonaccueilanetz.fr\/wp-content\/uploads\/2023\/10\/Carnaval23b.jpg 1899w\" sizes=\"auto, (max-width: 1024px) 100vw, 1024px\" \/><\/figure>\n\n\n\n<figure class=\"wp-block-gallery has-nested-images columns-default is-cropped wp-block-gallery-1 is-layout-flex wp-block-gallery-is-layout-flex\">\n<figure class=\"wp-block-image size-large\"><img loading=\"lazy\" decoding=\"async\" width=\"1024\" height=\"768\" data-id=\"455\" src=\"https:\/\/clubbonaccueilanetz.fr\/wp-content\/uploads\/2023\/10\/Carnaval23Bosse-1024x768.jpg\" alt=\"\" class=\"wp-image-455\" srcset=\"https:\/\/clubbonaccueilanetz.fr\/wp-content\/uploads\/2023\/10\/Carnaval23Bosse-1024x768.jpg 1024w, https:\/\/clubbonaccueilanetz.fr\/wp-content\/uploads\/2023\/10\/Carnaval23Bosse-300x225.jpg 300w, https:\/\/clubbonaccueilanetz.fr\/wp-content\/uploads\/2023\/10\/Carnaval23Bosse-768x576.jpg 768w, https:\/\/clubbonaccueilanetz.fr\/wp-content\/uploads\/2023\/10\/Carnaval23Bosse-1536x1152.jpg 1536w, https:\/\/clubbonaccueilanetz.fr\/wp-content\/uploads\/2023\/10\/Carnaval23Bosse.jpg 1900w\" sizes=\"auto, (max-width: 1024px) 100vw, 1024px\" \/><\/figure>\n\n\n\n<figure class=\"wp-block-image size-large\"><img loading=\"lazy\" decoding=\"async\" width=\"1024\" height=\"768\" data-id=\"456\" src=\"https:\/\/clubbonaccueilanetz.fr\/wp-content\/uploads\/2023\/10\/Carnaval23Arrouet-1024x768.jpg\" alt=\"\" class=\"wp-image-456\" srcset=\"https:\/\/clubbonaccueilanetz.fr\/wp-content\/uploads\/2023\/10\/Carnaval23Arrouet-1024x768.jpg 1024w, https:\/\/clubbonaccueilanetz.fr\/wp-content\/uploads\/2023\/10\/Carnaval23Arrouet-300x225.jpg 300w, https:\/\/clubbonaccueilanetz.fr\/wp-content\/uploads\/2023\/10\/Carnaval23Arrouet-768x576.jpg 768w, https:\/\/clubbonaccueilanetz.fr\/wp-content\/uploads\/2023\/10\/Carnaval23Arrouet-1536x1152.jpg 1536w, https:\/\/clubbonaccueilanetz.fr\/wp-content\/uploads\/2023\/10\/Carnaval23Arrouet.jpg 1900w\" sizes=\"auto, (max-width: 1024px) 100vw, 1024px\" \/><\/figure>\n\n\n\n<figure class=\"wp-block-image size-large\"><img loading=\"lazy\" decoding=\"async\" width=\"1024\" height=\"768\" data-id=\"457\" src=\"https:\/\/clubbonaccueilanetz.fr\/wp-content\/uploads\/2023\/10\/Carnaval23Pres-1024x768.jpg\" alt=\"\" class=\"wp-image-457\" srcset=\"https:\/\/clubbonaccueilanetz.fr\/wp-content\/uploads\/2023\/10\/Carnaval23Pres-1024x768.jpg 1024w, https:\/\/clubbonaccueilanetz.fr\/wp-content\/uploads\/2023\/10\/Carnaval23Pres-300x225.jpg 300w, https:\/\/clubbonaccueilanetz.fr\/wp-content\/uploads\/2023\/10\/Carnaval23Pres-768x576.jpg 768w, https:\/\/clubbonaccueilanetz.fr\/wp-content\/uploads\/2023\/10\/Carnaval23Pres-1536x1152.jpg 1536w, https:\/\/clubbonaccueilanetz.fr\/wp-content\/uploads\/2023\/10\/Carnaval23Pres.jpg 1900w\" sizes=\"auto, (max-width: 1024px) 100vw, 1024px\" \/><\/figure>\n<\/figure>\n\n\n\n<figure class=\"wp-block-image size-large\"><img loading=\"lazy\" decoding=\"async\" width=\"1024\" height=\"576\" src=\"https:\/\/clubbonaccueilanetz.fr\/wp-content\/uploads\/2023\/10\/f25979Carnaval23Enfants-1024x576.jpg\" alt=\"\" class=\"wp-image-459\" srcset=\"https:\/\/clubbonaccueilanetz.fr\/wp-content\/uploads\/2023\/10\/f25979Carnaval23Enfants-1024x576.jpg 1024w, https:\/\/clubbonaccueilanetz.fr\/wp-content\/uploads\/2023\/10\/f25979Carnaval23Enfants-300x169.jpg 300w, https:\/\/clubbonaccueilanetz.fr\/wp-content\/uploads\/2023\/10\/f25979Carnaval23Enfants-768x432.jpg 768w, https:\/\/clubbonaccueilanetz.fr\/wp-content\/uploads\/2023\/10\/f25979Carnaval23Enfants-1536x864.jpg 1536w, https:\/\/clubbonaccueilanetz.fr\/wp-content\/uploads\/2023\/10\/f25979Carnaval23Enfants.jpg 1900w\" sizes=\"auto, (max-width: 1024px) 100vw, 1024px\" \/><\/figure>\n\n\n\n<figure class=\"wp-block-image size-large\"><img loading=\"lazy\" decoding=\"async\" width=\"1024\" height=\"576\" src=\"https:\/\/clubbonaccueilanetz.fr\/wp-content\/uploads\/2023\/10\/Carnaval23groupe-1024x576.jpg\" alt=\"\" class=\"wp-image-460\" srcset=\"https:\/\/clubbonaccueilanetz.fr\/wp-content\/uploads\/2023\/10\/Carnaval23groupe-1024x576.jpg 1024w, https:\/\/clubbonaccueilanetz.fr\/wp-content\/uploads\/2023\/10\/Carnaval23groupe-300x169.jpg 300w, https:\/\/clubbonaccueilanetz.fr\/wp-content\/uploads\/2023\/10\/Carnaval23groupe-768x432.jpg 768w, https:\/\/clubbonaccueilanetz.fr\/wp-content\/uploads\/2023\/10\/Carnaval23groupe-1536x864.jpg 1536w, https:\/\/clubbonaccueilanetz.fr\/wp-content\/uploads\/2023\/10\/Carnaval23groupe.jpg 1899w\" sizes=\"auto, (max-width: 1024px) 100vw, 1024px\" \/><\/figure>\n\n\n\n<hr class=\"wp-block-separator has-alpha-channel-opacity\"\/>\n","protected":false},"excerpt":{"rendered":"<p>Cette ann\u00e9e 2025, le Carnaval \u00e9tait le 27 mars. Sans th\u00e8me sp\u00e9cifique, danseuses et danseurs s&rsquo;\u00e9taient costum\u00e9s. Certaines de fa\u00e7on originale. Les \u00e9l\u00e8ves de Notre-Dame, apr\u00e8s avoir dans\u00e9 sous la&hellip; <\/p>\n","protected":false},"author":1,"featured_media":0,"parent":228,"menu_order":0,"comment_status":"closed","ping_status":"closed","template":"","meta":{"footnotes":""},"class_list":["post-404","page","type-page","status-publish","hentry"],"_links":{"self":[{"href":"https:\/\/clubbonaccueilanetz.fr\/index.php\/wp-json\/wp\/v2\/pages\/404","targetHints":{"allow":["GET"]}}],"collection":[{"href":"https:\/\/clubbonaccueilanetz.fr\/index.php\/wp-json\/wp\/v2\/pages"}],"about":[{"href":"https:\/\/clubbonaccueilanetz.fr\/index.php\/wp-json\/wp\/v2\/types\/page"}],"author":[{"embeddable":true,"href":"https:\/\/clubbonaccueilanetz.fr\/index.php\/wp-json\/wp\/v2\/users\/1"}],"replies":[{"embeddable":true,"href":"https:\/\/clubbonaccueilanetz.fr\/index.php\/wp-json\/wp\/v2\/comments?post=404"}],"version-history":[{"count":9,"href":"https:\/\/clubbonaccueilanetz.fr\/index.php\/wp-json\/wp\/v2\/pages\/404\/revisions"}],"predecessor-version":[{"id":1283,"href":"https:\/\/clubbonaccueilanetz.fr\/index.php\/wp-json\/wp\/v2\/pages\/404\/revisions\/1283"}],"up":[{"embeddable":true,"href":"https:\/\/clubbonaccueilanetz.fr\/index.php\/wp-json\/wp\/v2\/pages\/228"}],"wp:attachment":[{"href":"https:\/\/clubbonaccueilanetz.fr\/index.php\/wp-json\/wp\/v2\/media?parent=404"}],"curies":[{"name":"wp","href":"https:\/\/api.w.org\/{rel}","templated":true}]}}

La « Danse » au fil des années&#8230;

<hr class="wp-block-separator has-alpha-channel-opacity"/>



<div class="wp-block-media-text has-media-on-the-right is-stacked-on-mobile"><div class="wp-block-media-text__content">
<h2 class="wp-block-heading has-text-align-right">Cette année 2025, le Carnaval était le 27 mars.</h2>



<p>Sans thème spécifique, danseuses et danseurs s&rsquo;étaient costumés. Certaines de façon originale.</p>



<p>Les élèves de Notre-Dame, après avoir dansé sous la direction de Lily, ont exécuté leur « Flash mob » sur la musique « Au plaisir des fleurs ».</p>



<p><a href="https://youtu.be/36ByntONclY">Jetez un coup d&rsquo;oeil en cliquant ici !</a></p>
</div><figure class="wp-block-media-text__media"><img loading="lazy" decoding="async" width="1024" height="768" src="https://clubbonaccueilanetz.fr/wp-content/uploads/2025/03/250327-BA-CarnavalEcole-205-1024x768.jpg" alt="" class="wp-image-1278 size-full" srcset="https://clubbonaccueilanetz.fr/wp-content/uploads/2025/03/250327-BA-CarnavalEcole-205-1024x768.jpg 1024w, https://clubbonaccueilanetz.fr/wp-content/uploads/2025/03/250327-BA-CarnavalEcole-205-300x225.jpg 300w, https://clubbonaccueilanetz.fr/wp-content/uploads/2025/03/250327-BA-CarnavalEcole-205-768x576.jpg 768w, https://clubbonaccueilanetz.fr/wp-content/uploads/2025/03/250327-BA-CarnavalEcole-205-1536x1152.jpg 1536w, https://clubbonaccueilanetz.fr/wp-content/uploads/2025/03/250327-BA-CarnavalEcole-205-2048x1536.jpg 2048w" sizes="auto, (max-width: 1024px) 100vw, 1024px" /></figure></div>



<hr class="wp-block-separator has-alpha-channel-opacity"/>



<h2 class="wp-block-heading has-text-align-center">2024, le jeudi 15 février c&rsquo;était le Carnaval de la Danse</h2>



<div class="wp-block-media-text is-stacked-on-mobile"><figure class="wp-block-media-text__media"><img loading="lazy" decoding="async" width="1024" height="576" src="https://clubbonaccueilanetz.fr/wp-content/uploads/2024/02/P1002388-1024x576.jpg" alt="" class="wp-image-906 size-full" srcset="https://clubbonaccueilanetz.fr/wp-content/uploads/2024/02/P1002388-1024x576.jpg 1024w, https://clubbonaccueilanetz.fr/wp-content/uploads/2024/02/P1002388-300x169.jpg 300w, https://clubbonaccueilanetz.fr/wp-content/uploads/2024/02/P1002388-768x432.jpg 768w, https://clubbonaccueilanetz.fr/wp-content/uploads/2024/02/P1002388-1536x864.jpg 1536w, https://clubbonaccueilanetz.fr/wp-content/uploads/2024/02/P1002388-2048x1152.jpg 2048w" sizes="auto, (max-width: 1024px) 100vw, 1024px" /></figure><div class="wp-block-media-text__content">
<p class="has-text-align-center">Année olympique oblige, le thème était « Tenue de sport ». Les grands, les petits étaient là et avaient la Flamme !</p>



<p class="has-text-align-center">Pour voir la vidéo <a href="https://youtu.be/kX9afjFnP8Y">cliquer ici.</a></p>
</div></div>



<hr class="wp-block-separator has-alpha-channel-opacity"/>



<hr class="wp-block-separator has-alpha-channel-opacity"/>



<h2 class="wp-block-heading has-text-align-center">Carnaval 2023</h2>



<p class="has-text-align-center"><strong>L&rsquo;activité « Danse en ligne » a fait son Carnaval en « Noir et Blanc », ce jeudi 16 mars 2023</strong>.</p>



<p class="has-text-align-center">Les enfants de l&rsquo;école Notre-Dame d&rsquo;Anetz y ont participé.</p>



<p class="has-text-align-center"><strong>Pour voir la vidéo</strong>, cliquer&nbsp;<a href="https://youtu.be/iVH9nuhTTXg" target="_blank" rel="noreferrer noopener">ICI</a></p>



<figure class="wp-block-image size-large"><img loading="lazy" decoding="async" width="1024" height="576" src="https://clubbonaccueilanetz.fr/wp-content/uploads/2023/10/Carnaval23b-1024x576.jpg" alt="" class="wp-image-458" srcset="https://clubbonaccueilanetz.fr/wp-content/uploads/2023/10/Carnaval23b-1024x576.jpg 1024w, https://clubbonaccueilanetz.fr/wp-content/uploads/2023/10/Carnaval23b-300x169.jpg 300w, https://clubbonaccueilanetz.fr/wp-content/uploads/2023/10/Carnaval23b-768x432.jpg 768w, https://clubbonaccueilanetz.fr/wp-content/uploads/2023/10/Carnaval23b-1536x864.jpg 1536w, https://clubbonaccueilanetz.fr/wp-content/uploads/2023/10/Carnaval23b.jpg 1899w" sizes="auto, (max-width: 1024px) 100vw, 1024px" /></figure>



<figure class="wp-block-gallery has-nested-images columns-default is-cropped wp-block-gallery-1 is-layout-flex wp-block-gallery-is-layout-flex">
<figure class="wp-block-image size-large"><img loading="lazy" decoding="async" width="1024" height="768" data-id="455" src="https://clubbonaccueilanetz.fr/wp-content/uploads/2023/10/Carnaval23Bosse-1024x768.jpg" alt="" class="wp-image-455" srcset="https://clubbonaccueilanetz.fr/wp-content/uploads/2023/10/Carnaval23Bosse-1024x768.jpg 1024w, https://clubbonaccueilanetz.fr/wp-content/uploads/2023/10/Carnaval23Bosse-300x225.jpg 300w, https://clubbonaccueilanetz.fr/wp-content/uploads/2023/10/Carnaval23Bosse-768x576.jpg 768w, https://clubbonaccueilanetz.fr/wp-content/uploads/2023/10/Carnaval23Bosse-1536x1152.jpg 1536w, https://clubbonaccueilanetz.fr/wp-content/uploads/2023/10/Carnaval23Bosse.jpg 1900w" sizes="auto, (max-width: 1024px) 100vw, 1024px" /></figure>



<figure class="wp-block-image size-large"><img loading="lazy" decoding="async" width="1024" height="768" data-id="456" src="https://clubbonaccueilanetz.fr/wp-content/uploads/2023/10/Carnaval23Arrouet-1024x768.jpg" alt="" class="wp-image-456" srcset="https://clubbonaccueilanetz.fr/wp-content/uploads/2023/10/Carnaval23Arrouet-1024x768.jpg 1024w, https://clubbonaccueilanetz.fr/wp-content/uploads/2023/10/Carnaval23Arrouet-300x225.jpg 300w, https://clubbonaccueilanetz.fr/wp-content/uploads/2023/10/Carnaval23Arrouet-768x576.jpg 768w, https://clubbonaccueilanetz.fr/wp-content/uploads/2023/10/Carnaval23Arrouet-1536x1152.jpg 1536w, https://clubbonaccueilanetz.fr/wp-content/uploads/2023/10/Carnaval23Arrouet.jpg 1900w" sizes="auto, (max-width: 1024px) 100vw, 1024px" /></figure>



<figure class="wp-block-image size-large"><img loading="lazy" decoding="async" width="1024" height="768" data-id="457" src="https://clubbonaccueilanetz.fr/wp-content/uploads/2023/10/Carnaval23Pres-1024x768.jpg" alt="" class="wp-image-457" srcset="https://clubbonaccueilanetz.fr/wp-content/uploads/2023/10/Carnaval23Pres-1024x768.jpg 1024w, https://clubbonaccueilanetz.fr/wp-content/uploads/2023/10/Carnaval23Pres-300x225.jpg 300w, https://clubbonaccueilanetz.fr/wp-content/uploads/2023/10/Carnaval23Pres-768x576.jpg 768w, https://clubbonaccueilanetz.fr/wp-content/uploads/2023/10/Carnaval23Pres-1536x1152.jpg 1536w, https://clubbonaccueilanetz.fr/wp-content/uploads/2023/10/Carnaval23Pres.jpg 1900w" sizes="auto, (max-width: 1024px) 100vw, 1024px" /></figure>
</figure>



<figure class="wp-block-image size-large"><img loading="lazy" decoding="async" width="1024" height="576" src="https://clubbonaccueilanetz.fr/wp-content/uploads/2023/10/f25979Carnaval23Enfants-1024x576.jpg" alt="" class="wp-image-459" srcset="https://clubbonaccueilanetz.fr/wp-content/uploads/2023/10/f25979Carnaval23Enfants-1024x576.jpg 1024w, https://clubbonaccueilanetz.fr/wp-content/uploads/2023/10/f25979Carnaval23Enfants-300x169.jpg 300w, https://clubbonaccueilanetz.fr/wp-content/uploads/2023/10/f25979Carnaval23Enfants-768x432.jpg 768w, https://clubbonaccueilanetz.fr/wp-content/uploads/2023/10/f25979Carnaval23Enfants-1536x864.jpg 1536w, https://clubbonaccueilanetz.fr/wp-content/uploads/2023/10/f25979Carnaval23Enfants.jpg 1900w" sizes="auto, (max-width: 1024px) 100vw, 1024px" /></figure>



<figure class="wp-block-image size-large"><img loading="lazy" decoding="async" width="1024" height="576" src="https://clubbonaccueilanetz.fr/wp-content/uploads/2023/10/Carnaval23groupe-1024x576.jpg" alt="" class="wp-image-460" srcset="https://clubbonaccueilanetz.fr/wp-content/uploads/2023/10/Carnaval23groupe-1024x576.jpg 1024w, https://clubbonaccueilanetz.fr/wp-content/uploads/2023/10/Carnaval23groupe-300x169.jpg 300w, https://clubbonaccueilanetz.fr/wp-content/uploads/2023/10/Carnaval23groupe-768x432.jpg 768w, https://clubbonaccueilanetz.fr/wp-content/uploads/2023/10/Carnaval23groupe-1536x864.jpg 1536w, https://clubbonaccueilanetz.fr/wp-content/uploads/2023/10/Carnaval23groupe.jpg 1899w" sizes="auto, (max-width: 1024px) 100vw, 1024px" /></figure>



<hr class="wp-block-separator has-alpha-channel-opacity"/>

<p>Cette année 2025, le Carnaval était le 27 mars. Sans thème spécifique, danseuses et danseurs s&rsquo;étaient costumés. Certaines de façon originale. Les élèves de Notre-Dame, après avoir dansé sous la&hellip; </p>
